se 3, what is -1000122 + -1002121220?
-1010122112
In base 12, what is -374 - -163537?
163183
In base 7, what is -244103466 - -2?
-244103464
In base 10, what is -137650549 - 1?
-137650550
In base 8, what is 521623 + 1356?
523201
In base 10, what is 219 - -278?
497
In base 5, what is -111 + 1144043120?
1144043004
In base 14, what is -4 - -c2d898?
c2d894
In base 14, what is 49a99 + -10?
49a89
In base 11, what is -2126 - 6640?
-8766
In base 15, what is -bc78dc + -8?
-bc78e5
In base 4, what is 1001 - 222020?
-221013
In base 15, what is c8dae - 0?
c8dae
In base 2, what is 111001100011011111001 + -1101011?
111001100011010001110
In base 10, what is -28388523 + 1?
-28388522
In base 6, what is -4 + 1312053232?
1312053224
In base 4, what is 103212 - -102312222?
103022100
In base 3, what is 2210110210 + -21002110?
2112101100
In base 9, what is 28228 + -48774?
-20545
In base 7, what is 4226 + 566305?
603534
In base 8, what is 4324362 - -345?
4324727
In base 2, what is 110100100011000101110 + -110?
110100100011000101000
In base 2, what is 100010110001000100011001 - 100?
100010110001000100010101
In base 6, what is 2 - 2245053250?
-2245053244
In base 2, what is 110110011100111101100100 + 101?
110110011100111101101001
In base 8, what is -161152147 - -1?
-161152146
In base 15, what is 96619 - 15?
96604
In base 6, what is 14 + -130053?
-130035
In base 3, what is 222020222011 - 2100?
222020212211
In base 13, what is 45375838 - -5?
45375840
In base 7, what is -44 - -124066034?
124065660
In base 8, what is -2305471404 + 4?
-2305471400
In base 13, what is -546 + a3c?
4c6
In base 13, what is -bb018 + 2?
-bb016
In base 8, what is -43756220 - 5?
-43756225
In base 5, what is 100334430 + -32?
100334343
In base 14, what is 17b242 - 574?
17aaac
In base 16, what is 1c1f4 + 3ce?
1c5c2
In base 10, what is -3306190 + -22?
-3306212
In base 7, what is 514150121 - -2?
514150123
In base 4, what is 121133002 - 2110?
121130232
In base 7, what is -113114222 + -44?
-113114266
In base 10, what is -6872 - 13591?
-20463
In base 5, what is -213410402020 + 4?
-213410402011
In base 11, what is -1035 - 2a56?
-3a90
In base 12, what is -969 - -433a2b?
433082
In base 7, what is -2 - 641034015?
-641034020
In base 12, what is 3154 - -157?
32ab
In base 8, what is 10732 + 702?
11634
In base 13, what is 2053800a5 - -2?
2053800a7
In base 14, what is 1294 - 6bc7?
-5933
In base 14, what is -b9877 + 7c?
-b97d9
In base 3, what is 1100121111212 + -1012101?
1100120022111
In base 13, what is 540 - 4c7?
46
In base 11, what is -92835 - 9?
-92843
In base 13, what is 2a + -22a6c?
-22a42
In base 4, what is 1 + -102110222120?
-102110222113
In base 2, what is 11 + -1101001100001101011011?
-1101001100001101011000
In base 6, what is -314313 - -23304?
-251005
In base 5, what is 122430 + 1004333?
1132313
In base 9, what is -3 - 5624372?
-5624375
In base 8, what is 2515661214 - 3?
2515661211
In base 4, what is 1300321 + 202301?
2103222
In base 11, what is 1a19 - -13305?
15223
In base 7, what is -5563431 + 142?
-5563256
In base 3, what is -2202200022 - 212?
-2202201011
In base 16, what is 48 + -222f56?
-222f0e
In base 10, what is 1715 + 6892?
8607
In base 2, what is -1001000000001100111 - -101?
-1001000000001100010
In base 8, what is -56257734 - 0?
-56257734
In base 2, what is 11010110111101000 - -1001010011111?
11100000010000111
In base 3, what is 21022110202 + 111112?
21022222021
In base 7, what is -636 + 2466451?
2465512
In base 16, what is -12e721 + -75?
-12e796
In base 8, what is 122352021 + 0?
122352021
In base 13, what is -6 + -14161651?
-14161657
In base 2, what is -11100001110010110001 + -1010?
-11100001110010111011
In base 14, what is 131d6 + ab?
132a3
In base 15, what is 29 - 2e06a?
-2e041
In base 10, what is -94640066 + -3?
-94640069
In base 11, what is -1002278 - 2?
-100227a
In base 3, what is -122 + 2010112011200?
2010112011001
In base 2, what is -1101110010 + 1011001100001?
1001011101111
In base 12, what is 8b9 - 395316?
-394619
In base 3, what is 10 - 212200010120201?
-212200010120121
In base 8, what is -5 + 73060?
73053
In base 9, what is 1 + 111012280?
111012281
In base 13, what is -414a + 8b?
-408c
In base 6, what is 203314433 + 303?
203315140
In base 2, what is 11111101100000101101 - -1001?
11111101100000110110
In base 6, what is -121523 + -452?
-122415
In base 3, what is -1001002112011010 - 1?
-1001002112011011
In base 2, what is 100 - 10111111111100101111100000?
-10111111111100101111011100
In base 12, what is -706309 - 22?
-70632b
In base 5, what is -20113102203 + -3?
-20113102211
In base 8, what is 55201 + -1?
55200
In base 7, what is 11 + -24002501?
-24002460
In base 3, what is -1 - -20120211220210100?
20120211220210022
In base 6, what is -20452124 - -34?
-20452050
In base 13, what is -6ca - -23572?
22b75
In base 11, what is 17550 + 2a71?
1a511
In base 8, what is 1652 - -262545?
264417
In base 14, what is 13d4 - 1540c?
-14018
In base 13, what is 2c7 - -1994?
1c8b
In base 12, what is 57 + 1b7988?
1b7a23
In base 11, what is -27 - 81285?
-81301
In base 14, what is 1 + 2d59228?
2d59229
In base 12, what is 20 + 9b2b87a?
9b2b89a
In base 6, what is -4433413 - -4?
-4433405
In base 12, what is -1 + -221bb3b?
-221bb40
In base 15, what is 161 + d5ac9?
d5c3a
In base 13, what is -498c + 30749?
28a8a
In base 4, what is 122 + -1021011301102?
-1021011300320
In base 6, what is -245205 - 25153?
-314402
In base 6, what is 1355 - -2110121?
2111520
In base 4, what is -123 + -1003300012?
-1003300201
In base 16, what is -900 + -19fcd?
-1a8cd
In base 16, what is -9 + -3e74fa?
-3e7503
In base 3, what is 111001 - -12021211120?
12022022121
In base 11, what is -46457 - 425?
-46881
In base 9, what is -253 - 360300?
-360553
In base 7, what is 224040 - 10163?
213544
In base 6, what is 2342154 - 105?
2342045
In base 11, what is 8 + 512454?
512461
In base 8, what is 321 + -31462?
-31141
In base 12, what is 240382 - 392?
23bbb0
In base 15, what is c + 3da926?
3da933
In base 2, what is -1110011111000100 + -110010?
-1110011111110110
In base 10, what is -48 + -1102163?
-1102211
In base 15, what is 11 - 8e86bc3?
-8e86bb2
In base 8, what is 6427166 - 4?
6427162
In base 8, what is -6133445 + -2?
-6133447
In base 9, what is 10 - -65157651?
65157661
In base 10, what is -48880537 - 1?
-48880538
In base 15, what is 6683778 + 0?
6683778
In base 9, what is -715 + 40468?
38653
In base 16, what is -1400 + -695?
-1a95
In base 9, what is 1052852560 - 1?
1052852558
In base 14, what is 8 - 9982d5b?
-9982d53
In base 15, what is -3 - 626208?
-62620b
In base 12, what is -b5185 + -b0?
-b5275
In base 13, what is -160758 - -3?
-160755
In base 5, what is -1 + 321102331400?
321102331344
In base 15, what is 3 + 152b0990?
152b0993
In base 3, what is 12 + -10020021220120210?
-10020021220120121
In base 4, what is -10 - 31033101113333?
-31033101120003
In base 10, what is -358346 + -503?
-358849
In base 13, what is -68ac + 1cb?
-66b1
In base 11, what is 142448889 - -5?
142448893
In base 2, what is -110 + -10010000100101011001000?
-10010000100101011001110
In base 12, what is -2527b + 262b?
-22850
In base 3, what is 11 - -1022121022211000?
1022121022211011
In base 8, what is 16663 + 12133?
31016
In base 15, what is 42da6 + d0?
42e86
In base 2, what is 1000 + -101101000000000111110001?
-101101000000000111101001
In base 9, what is 14 - -1075201?
1075215
In base 11, what is 2 - -4a97a57?
4a97a59
In base 4, what is 100 - 1031122320020?
-1031122313320
In base 8, what is -566630432 + 1?
-566630431
In base 3, what is -21122 - -1212020100?
1211221201
In base 5, what is 12044411312 + 13?
12044411330
In base 7, what is -21063553 + -15?
-21063601
In base 11, what is -4 - -6411761?
6411758
In base 13, what is -17 + 1a4937?
1a4920
In base 4, what is 0 + 21210312120323?
21210312120323
In base 7, what is 6 + -63014330?
-63014321
In base 2, what is -111110011101001010011 + 11010?
-111110011101000111001
In base 9, what is -2362667 - 50?
-2362727
In base 14, what is b - 4bb3db?
-4bb3d0
In base 11, what is 236a88 + 18?
236aa5
In base 7, what is 4 - -3050251414?
3050251421
In base 12, what is -10591 - -1b5?
-10398
In base 11, what is -7772 + 112829?
106067
In base 9, what is 0 + -7661745?
-7661745
In base 7, what is 151232 - 6021?
142211
In base 14, what is -101c + -1c9?
-1207
